the remainder when 14024 is divided by 3506?
0
What is the remainder when 113990 is divided by 991?
25
What is the remainder when 661 is divided by 44?
1
What is the remainder when 38613 is divided by 424?
29
What is the remainder when 4323 is divided by 948?
531
What is the remainder when 1917754 is divided by 972?
970
Calculate the remainder when 223112 is divided by 13119.
89
Calculate the remainder when 28318 is divided by 236.
234
Calculate the remainder when 1537 is divided by 111.
94
What is the remainder when 7235997 is divided by 335?
332
Calculate the remainder when 177694 is divided by 902.
0
Calculate the remainder when 392061 is divided by 82.
19
What is the remainder when 57646 is divided by 6?
4
What is the remainder when 2286 is divided by 25?
11
What is the remainder when 3993 is divided by 1977?
39
What is the remainder when 21081 is divided by 21064?
17
Calculate the remainder when 101941 is divided by 126.
7
Calculate the remainder when 2482 is divided by 705.
367
Calculate the remainder when 364 is divided by 183.
181
What is the remainder when 1013 is divided by 125?
13
Calculate the remainder when 7289 is divided by 2429.
2
Calculate the remainder when 209438 is divided by 170.
168
Calculate the remainder when 19880 is divided by 1699.
1191
What is the remainder when 86353 is divided by 19?
17
Calculate the remainder when 6410 is divided by 65.
40
Calculate the remainder when 10515 is divided by 159.
21
What is the remainder when 2769 is divided by 1359?
51
What is the remainder when 7410 is divided by 745?
705
Calculate the remainder when 3798 is divided by 35.
18
Calculate the remainder when 3686 is divided by 247.
228
What is the remainder when 4417 is divided by 131?
94
What is the remainder when 286 is divided by 49?
41
Calculate the remainder when 2104 is divided by 2.
0
Calculate the remainder when 787289 is divided by 14.
13
What is the remainder when 285897 is divided by 573?
543
What is the remainder when 4871 is divided by 13?
9
What is the remainder when 4162 is divided by 182?
158
Calculate the remainder when 2290 is divided by 347.
208
Calculate the remainder when 169439 is divided by 84678.
83
What is the remainder when 108320 is divided by 9?
5
Calculate the remainder when 86292 is divided by 72.
36
What is the remainder when 29402 is divided by 29336?
66
Calculate the remainder when 5805 is divided by 60.
45
What is the remainder when 3595 is divided by 80?
75
Calculate the remainder when 5850 is divided by 449.
13
What is the remainder when 14145 is divided by 524?
521
What is the remainder when 14758 is divided by 1035?
268
Calculate the remainder when 48723 is divided by 16230.
33
What is the remainder when 5075 is divided by 844?
11
Calculate the remainder when 1087 is divided by 752.
335
Calculate the remainder when 4486 is divided by 214.
206
Calculate the remainder when 1702 is divided by 533.
103
Calculate the remainder when 257 is divided by 9.
5
Calculate the remainder when 5047 is divided by 79.
70
What is the remainder when 21382 is divided by 200?
182
What is the remainder when 298778 is divided by 736?
698
Calculate the remainder when 5706 is divided by 714.
708
Calculate the remainder when 2152 is divided by 2135.
17
What is the remainder when 780 is divided by 25?
5
What is the remainder when 28827 is divided by 14?
1
Calculate the remainder when 20488 is divided by 31.
28
Calculate the remainder when 225925 is divided by 510.
505
Calculate the remainder when 11837 is divided by 156.
137
Calculate the remainder when 468454 is divided by 1151.
1148
Calculate the remainder when 4385 is divided by 846.
155
Calculate the remainder when 238681 is divided by 3.
1
What is the remainder when 129796 is divided by 1910?
1826
What is the remainder when 166111 is divided by 28?
15
What is the remainder when 3590 is divided by 1188?
26
Calculate the remainder when 1832802 is divided by 17.
15
What is the remainder when 14868 is divided by 151?
70
Calculate the remainder when 89907 is divided by 74.
71
Calculate the remainder when 178403 is divided by 811.
794
What is the remainder when 89411 is divided by 771?
746
What is the remainder when 6046 is divided by 254?
204
Calculate the remainder when 45962 is divided by 31.
20
What is the remainder when 119992 is divided by 3332?
40
What is the remainder when 256870 is divided by 64193?
98
What is the remainder when 43078 is divided by 12?
10
What is the remainder when 743 is divided by 35?
8
Calculate the remainder when 331272 is divided by 13250.
22
Calculate the remainder when 283531 is divided by 3589.
0
Calculate the remainder when 4034 is divided by 1558.
918
What is the remainder when 972 is divided by 35?
27
Calculate the remainder when 146460 is divided by 155.
140
What is the remainder when 1139596 is divided by 151?
150
What is the remainder when 24232 is divided by 319?
307
What is the remainder when 1591 is divided by 1573?
18
What is the remainder when 7003 is divided by 2324?
31
What is the remainder when 2691385 is divided by 15?
10
Calculate the remainder when 1774 is divided by 1757.
17
What is the remainder when 2407 is divided by 1201?
5
What is the remainder when 484403 is divided by 414?
23
What is the remainder when 10194 is divided by 59?
46
Calculate the remainder when 110366 is divided by 9196.
14
Calculate the remainder when 213890 is divided by 372.
362
Calculate the remainder when 35391 is divided by 34.
31
Calculate the remainder when 458453 is divided by 26.
21
What is the remainder when 26045 is divided by 52?
45
What is the remainder when 85972 is divided by 322?
320
What is the remainder when 4924315 is divided by 647?
645
Calculate the remainder when 33581 is divided by 16.
13
Calculate the remainder when 4332 is divided by 2113.
106
Calculate the remainder when 38583 is divided by 91.
90
What is the remainder when 2160168 is divided by 179?
175
Calculate the remainder when 6171 is divided by 18.
15
What is the remainder when 2020 is divided by 103?
63
Calculate the remainder when 2067 is divided by 129.
3
What is the remainder when 175964 is divided by 72?
68
Calculate the remainder when 562231 is divided by 12.
7
What is the remainder when 22217 is divided by 118?
33
Calculate the remainder when 11742 is divided by 11728.
14
What is the remainder when 589 is divided by 47?
25
Calculate the remainder when 60524 is divided by 91.
9
Calculate the remainder when 16904 is divided by 25.
4
Calculate the remainder when 85402 is divided by 12.
10
What is the remainder when 62881 is divided by 32?
1
What is the remainder when 5189 is divided by 118?
115
Calculate the remainder when 14801 is divided by 162.
59
What is the remainder when 463847 is divided by 50?
47
Calculate the remainder when 5595 is divided by 1871.
1853
Calculate the remainder when 85423 is divided by 3714.
1
What is the remainder when 88048 is divided by 146?
10
What is the remainder when 32032 is divided by 2461?
39
Calculate the remainder when 68794 is divided by 184.
162
What is the remainder when 98648 is divided by 39?
17
What is the remainder when 534027 is divided by 21361?
2
What is the remainder when 1876210 is divided by 422?
420
Calculate the remainder when 138747 is divided by 24.
3
What is the remainder when 22338 is divided by 131?
68
What is the remainder when 730 is divided by 387?
343
Calculate the remainder when 3399 is divided by 23.
18
What is the remainder when 2320189 is divided by 989?
984
What is the remainder when 56473 is divided by 9?
7
What is the remainder when 94388 is divided by 60?
8
Calculate the remainder when 89897 is divided by 276.
197
Calculate the remainder when 1971 is divided by 981.
9
Calculate the remainder when 1541 is divided by 156.
137
Calculate the remainder when 3747275 is divided by 124.
119
Calculate the remainder when 28119 is divided by 89.
84
What is the remainder when 38634 is divided by 552?
546
Calculate the remainder when 255 is divided by 148.
107
Calculate the remainder when 265623 is divided by 54.
51
What is the remainder when 13964 is divided by 21?
20
Calculate the remainder when 557656 is divided by 207.
205
Calculate the remainder when 35370 is divided by 402.
396
What is the remainder whe